Nov 30 21:29:42.726 INFO testing voop/rosrust_tests against master#8940af3cea4a9a9deabcaf843b2f8cad9a83fc61 for beta-1.31-5
Nov 30 21:29:42.728 INFO running `"docker" "create" "-v" "/mnt/big/crater/work/local/target-dirs/beta-1.31-5/worker-2/master#8940af3cea4a9a9deabcaf843b2f8cad9a83fc61:/target:rw,Z" "-v" "/mnt/big/crater/work/local/test-source/worker-2/beta-1.31-5/master#8940af3cea4a9a9deabcaf843b2f8cad9a83fc61:/source:ro,Z" "-v" "/mnt/big/crater/work/local/cargo-home:/cargo-home:ro,Z" "-v" "/mnt/big/crater/work/local/rustup-home:/rustup-home:ro,Z" "-e" "USER_ID=1000" "-e" "SOURCE_DIR=/source" "-e" "USER_ID=1000" "-e" "CMD=cargo +8940af3cea4a9a9deabcaf843b2f8cad9a83fc61-alt build --frozen" "-e" "CARGO_TARGET_DIR=/target" "-e" "CARGO_INCREMENTAL=0" "-e" "RUST_BACKTRACE=full" "-e" "RUSTFLAGS=--cap-lints=warn" "-e" "CARGO_HOME=/cargo-home" "-e" "RUSTUP_HOME=/rustup-home" "-m" "1536M" "--network" "none" "crater"`
Nov 30 21:29:43.144 INFO [stdout] 72ae06d515a4d863bcfc2aa272d09b643fd2a8c3ac0c71fccf92eccfaaac7421
Nov 30 21:29:43.148 INFO running `"docker" "start" "-a" "72ae06d515a4d863bcfc2aa272d09b643fd2a8c3ac0c71fccf92eccfaaac7421"`
Nov 30 21:29:44.528 INFO [stderr] usermod: no changes
Nov 30 21:29:44.593 INFO [stderr]    Compiling rosrust_test v0.1.0 (/source)
Nov 30 21:29:45.151 INFO [stderr]     Finished dev [unoptimized + debuginfo] target(s) in 0.59s
Nov 30 21:29:45.151 INFO [stderr] su: No module specific data is present
Nov 30 21:29:46.453 INFO running `"docker" "inspect" "72ae06d515a4d863bcfc2aa272d09b643fd2a8c3ac0c71fccf92eccfaaac7421"`
Nov 30 21:29:46.735 INFO running `"docker" "rm" "-f" "72ae06d515a4d863bcfc2aa272d09b643fd2a8c3ac0c71fccf92eccfaaac7421"`
Nov 30 21:29:47.067 INFO [stdout] 72ae06d515a4d863bcfc2aa272d09b643fd2a8c3ac0c71fccf92eccfaaac7421
Nov 30 21:29:47.069 INFO running `"docker" "create" "-v" "/mnt/big/crater/work/local/target-dirs/beta-1.31-5/worker-2/master#8940af3cea4a9a9deabcaf843b2f8cad9a83fc61:/target:rw,Z" "-v" "/mnt/big/crater/work/local/test-source/worker-2/beta-1.31-5/master#8940af3cea4a9a9deabcaf843b2f8cad9a83fc61:/source:ro,Z" "-v" "/mnt/big/crater/work/local/cargo-home:/cargo-home:ro,Z" "-v" "/mnt/big/crater/work/local/rustup-home:/rustup-home:ro,Z" "-e" "USER_ID=1000" "-e" "SOURCE_DIR=/source" "-e" "USER_ID=1000" "-e" "CMD=cargo +8940af3cea4a9a9deabcaf843b2f8cad9a83fc61-alt test --frozen --no-run" "-e" "CARGO_TARGET_DIR=/target" "-e" "CARGO_INCREMENTAL=0" "-e" "RUST_BACKTRACE=full" "-e" "RUSTFLAGS=--cap-lints=warn" "-e" "CARGO_HOME=/cargo-home" "-e" "RUSTUP_HOME=/rustup-home" "-m" "1536M" "--network" "none" "crater"`
Nov 30 21:29:47.700 INFO [stdout] ac6bd93d93fb0b7467dff1d80777e497931e06c5becba04528b3c1c0bc0887ae
Nov 30 21:29:47.702 INFO running `"docker" "start" "-a" "ac6bd93d93fb0b7467dff1d80777e497931e06c5becba04528b3c1c0bc0887ae"`
Nov 30 21:29:49.507 INFO [stderr] usermod: no changes
Nov 30 21:29:49.591 INFO [stderr]    Compiling rosrust_test v0.1.0 (/source)
Nov 30 21:29:50.999 INFO [stderr]     Finished dev [unoptimized + debuginfo] target(s) in 1.46s
Nov 30 21:29:51.007 INFO [stderr] su: No module specific data is present
Nov 30 21:29:52.415 INFO running `"docker" "inspect" "ac6bd93d93fb0b7467dff1d80777e497931e06c5becba04528b3c1c0bc0887ae"`
Nov 30 21:29:52.771 INFO running `"docker" "rm" "-f" "ac6bd93d93fb0b7467dff1d80777e497931e06c5becba04528b3c1c0bc0887ae"`
Nov 30 21:29:53.159 INFO [stdout] ac6bd93d93fb0b7467dff1d80777e497931e06c5becba04528b3c1c0bc0887ae
Nov 30 21:29:53.162 INFO running `"docker" "create" "-v" "/mnt/big/crater/work/local/target-dirs/beta-1.31-5/worker-2/master#8940af3cea4a9a9deabcaf843b2f8cad9a83fc61:/target:rw,Z" "-v" "/mnt/big/crater/work/local/test-source/worker-2/beta-1.31-5/master#8940af3cea4a9a9deabcaf843b2f8cad9a83fc61:/source:ro,Z" "-v" "/mnt/big/crater/work/local/cargo-home:/cargo-home:ro,Z" "-v" "/mnt/big/crater/work/local/rustup-home:/rustup-home:ro,Z" "-e" "USER_ID=1000" "-e" "SOURCE_DIR=/source" "-e" "USER_ID=1000" "-e" "CMD=cargo +8940af3cea4a9a9deabcaf843b2f8cad9a83fc61-alt test --frozen" "-e" "CARGO_TARGET_DIR=/target" "-e" "CARGO_INCREMENTAL=0" "-e" "RUST_BACKTRACE=full" "-e" "RUSTFLAGS=--cap-lints=warn" "-e" "CARGO_HOME=/cargo-home" "-e" "RUSTUP_HOME=/rustup-home" "-m" "1536M" "--network" "none" "crater"`
Nov 30 21:29:53.831 INFO [stdout] 7cc74e37ca6d73404006cb28792248b2079df3816aec8fcd04d2107bd7712620
Nov 30 21:29:53.839 INFO running `"docker" "start" "-a" "7cc74e37ca6d73404006cb28792248b2079df3816aec8fcd04d2107bd7712620"`
Nov 30 21:29:55.663 INFO [stderr] usermod: no changes
Nov 30 21:29:55.795 INFO [stderr]     Finished dev [unoptimized + debuginfo] target(s) in 0.06s
Nov 30 21:29:55.799 INFO [stderr]      Running /target/debug/deps/rosrust_test-be0280cfba31cdee
Nov 30 21:29:55.823 INFO [stderr]      Running /target/debug/deps/simple-ff7280fb60ef8ce8
Nov 30 21:29:55.823 INFO [stdout] 
Nov 30 21:29:55.823 INFO [stdout] running 0 tests
Nov 30 21:29:55.823 INFO [stdout] 
Nov 30 21:29:55.823 INFO [stdout] test result: ok. 0 passed; 0 failed; 0 ignored; 0 measured; 0 filtered out
Nov 30 21:29:55.823 INFO [stdout] 
Nov 30 21:29:55.859 INFO [stdout] 
Nov 30 21:29:55.859 INFO [stdout] running 1 test
Nov 30 21:29:55.915 INFO [stdout] test simple_test ... FAILED
Nov 30 21:29:55.915 INFO [stdout] 
Nov 30 21:29:55.915 INFO [stdout] failures:
Nov 30 21:29:55.915 INFO [stdout] 
Nov 30 21:29:55.915 INFO [stdout] ---- simple_test stdout ----
Nov 30 21:29:55.915 INFO [stdout] thread 'simple_test' panicked at 'assertion failed: false', tests/simple.rs:3:5
Nov 30 21:29:55.915 INFO [stdout] stack backtrace:
Nov 30 21:29:55.915 INFO [stdout]    0:     0x559a41a0ce6f - std::sys::unix::backtrace::tracing::imp::unwind_backtrace::h3a8b83e1922cbdde
Nov 30 21:29:55.915 INFO [stdout]                                at libstd/sys/unix/backtrace/tracing/gcc_s.rs:49
Nov 30 21:29:55.915 INFO [stdout]    1:     0x559a41a15eb7 - std::sys_common::backtrace::print::h00d3155a29b4020f
Nov 30 21:29:55.915 INFO [stdout]                                at libstd/sys_common/backtrace.rs:71
Nov 30 21:29:55.915 INFO [stdout]                                at libstd/sys_common/backtrace.rs:59
Nov 30 21:29:55.915 INFO [stdout]    2:     0x559a41a10b9f - std::panicking::default_hook::{{closure}}::hd7465c742e79e1bb
Nov 30 21:29:55.915 INFO [stdout]                                at libstd/panicking.rs:211
Nov 30 21:29:55.915 INFO [stdout]    3:     0x559a41a1089e - std::panicking::default_hook::h9e3966f2aa2a6e12
Nov 30 21:29:55.915 INFO [stdout]                                at libstd/panicking.rs:221
Nov 30 21:29:55.915 INFO [stdout]    4:     0x559a41a1127e - std::panicking::rust_panic_with_hook::h587f091ae747d080
Nov 30 21:29:55.915 INFO [stdout]                                at libstd/panicking.rs:476
Nov 30 21:29:55.916 INFO [stdout]    5:     0x559a419be593 - std::panicking::begin_panic::h9a552fda28b2f302
Nov 30 21:29:55.916 INFO [stdout]                                at libstd/panicking.rs:410
Nov 30 21:29:55.916 INFO [stdout]    6:     0x559a419befc0 - simple::simple_test::he1085611b2780618
Nov 30 21:29:55.916 INFO [stdout]                                at tests/simple.rs:3
Nov 30 21:29:55.916 INFO [stdout]    7:     0x559a419bef89 - simple::simple_test::{{closure}}::h72d5f1cf7d2dbe60
Nov 30 21:29:55.916 INFO [stdout]                                at tests/simple.rs:2
Nov 30 21:29:55.916 INFO [stdout]    8:     0x559a419be3cd - core::ops::function::FnOnce::call_once::h5f9c35119e86f88a
Nov 30 21:29:55.916 INFO [stdout]                                at libcore/ops/function.rs:238
Nov 30 21:29:55.916 INFO [stdout]    9:     0x559a419c0c9e - <F as alloc::boxed::FnBox<A>>::call_box::hac903f91577a156c
Nov 30 21:29:55.916 INFO [stdout]                                at libtest/lib.rs:1468
Nov 30 21:29:55.916 INFO [stdout]                                at libcore/ops/function.rs:238
Nov 30 21:29:55.916 INFO [stdout]                                at liballoc/boxed.rs:672
Nov 30 21:29:55.916 INFO [stdout]   10:     0x559a41a20e69 - __rust_maybe_catch_panic
Nov 30 21:29:55.916 INFO [stdout]                                at libpanic_unwind/lib.rs:102
Nov 30 21:29:55.916 INFO [stdout]   11:     0x559a419e28f2 - std::sys_common::backtrace::__rust_begin_short_backtrace::hb8f0d0309526c184
Nov 30 21:29:55.916 INFO [stdout]                                at libstd/panicking.rs:289
Nov 30 21:29:55.916 INFO [stdout]                                at libstd/panic.rs:392
Nov 30 21:29:55.916 INFO [stdout]                                at libtest/lib.rs:1423
Nov 30 21:29:55.916 INFO [stdout]                                at libstd/sys_common/backtrace.rs:136
Nov 30 21:29:55.916 INFO [stdout]   12:     0x559a419e33a4 - std::panicking::try::do_call::hc2f7c8b9a348d8db
Nov 30 21:29:55.916 INFO [stdout]                                at libstd/thread/mod.rs:409
Nov 30 21:29:55.916 INFO [stdout]                                at libstd/panic.rs:313
Nov 30 21:29:55.916 INFO [stdout]                                at libstd/panicking.rs:310
Nov 30 21:29:55.916 INFO [stdout]   13:     0x559a41a20e69 - __rust_maybe_catch_panic
Nov 30 21:29:55.916 INFO [stdout]                                at libpanic_unwind/lib.rs:102
Nov 30 21:29:55.916 INFO [stdout]   14:     0x559a419d05dc - <F as alloc::boxed::FnBox<A>>::call_box::h6bfded618e480b32
Nov 30 21:29:55.916 INFO [stdout]                                at libstd/panicking.rs:289
Nov 30 21:29:55.916 INFO [stdout]                                at libstd/panic.rs:392
Nov 30 21:29:55.916 INFO [stdout]                                at libstd/thread/mod.rs:408
Nov 30 21:29:55.916 INFO [stdout]                                at liballoc/boxed.rs:672
Nov 30 21:29:55.916 INFO [stdout]   15:     0x559a41a0ea8d - std::sys_common::thread::start_thread::h4c28257d67cdf9cb
Nov 30 21:29:55.916 INFO [stdout]                                at liballoc/boxed.rs:682
Nov 30 21:29:55.916 INFO [stdout]                                at libstd/sys_common/thread.rs:24
Nov 30 21:29:55.916 INFO [stdout]   16:     0x559a41a03fa5 - std::sys::unix::thread::Thread::new::thread_start::hfecb2e7eff8fd34f
Nov 30 21:29:55.916 INFO [stdout]                                at libstd/sys/unix/thread.rs:90
Nov 30 21:29:55.916 INFO [stdout]   17:     0x7f5e399206b9 - start_thread
Nov 30 21:29:55.916 INFO [stdout]   18:     0x7f5e3944041c - clone
Nov 30 21:29:55.916 INFO [stdout]   19:                0x0 - <unknown>
Nov 30 21:29:55.916 INFO [stdout] 
Nov 30 21:29:55.916 INFO [stdout] 
Nov 30 21:29:55.916 INFO [stdout] failures:
Nov 30 21:29:55.916 INFO [stdout]     simple_test
Nov 30 21:29:55.916 INFO [stdout] 
Nov 30 21:29:55.916 INFO [stdout] test result: FAILED. 0 passed; 1 failed; 0 ignored; 0 measured; 0 filtered out
Nov 30 21:29:55.916 INFO [stdout] 
Nov 30 21:29:55.923 INFO [stderr] error: test failed, to rerun pass '--test simple'
Nov 30 21:29:55.923 INFO [stderr] su: No module specific data is present
Nov 30 21:29:56.883 INFO running `"docker" "inspect" "7cc74e37ca6d73404006cb28792248b2079df3816aec8fcd04d2107bd7712620"`
Nov 30 21:29:57.113 INFO running `"docker" "rm" "-f" "7cc74e37ca6d73404006cb28792248b2079df3816aec8fcd04d2107bd7712620"`
Nov 30 21:29:57.465 INFO [stdout] 7cc74e37ca6d73404006cb28792248b2079df3816aec8fcd04d2107bd7712620
